 be the third derivative of 1/2*a**3 + 1/24*a**4 - j*a**2 + 0 + 0*a. Calculate z(-5).
-2
Let a(i) be the first derivative of i**2 - 2*i + 1. What is a(2)?
2
Let l be (-50)/(-18) - 4/(-18). Let s(v) = 1 - v**2 - 3 - 2 + l*v + 0*v**2. Determine s(4).
-8
Let h(y) = -6*y**3 - y**2 + 3*y - 2. Let q be h(1). Let m(i) = -2*i**2 - 9*i - 4. Determine m(q).
-22
Let t(p) = 2*p**2 + 11*p + 6. Let g(f) = f**2 + 6*f + 3. Let i(d) = -5*g(d) + 3*t(d). Give i(-2).
1
Suppose 4*o = 3 - 23. Let j(m) = m**3 + 5*m**2 + 3*m + 4. Give j(o).
-11
Let h be -3*(2 - 4/3). Let z(p) be the third derivative of -p**6/120 + p**5/60 + p**4/24 - p**3/3 - 6*p**2. Give z(h).
8
Let y be ((-2)/2)/(20/(-140)). Let x(i) = -i**3 + 7*i**2 + 3. What is x(y)?
3
Let m(l) = -l**3 + l**2 + l - 1. Let s(k) = 4*k**3 - 4*k**2 - 9*k + 8. Let j(q) = -6*m(q) - s(q). Calculate j(2).
12
Let f(r) be the second derivative of -3/2*r**2 + 0 + 3*r - 2/3*r**3 - 1/4*r**4 - 1/20*r**5. Give f(-2).
1
Let s(f) = f - 4. Suppose 0*a + 4*a - 24 = 0. Let o = a + -4. Suppose -o = 2*d - 3*d. Calculate s(d).
-2
Let z(k) be the second derivative of 4*k**3/3 + k**2 + 39*k. Calculate z(-2).
-14
Suppose 4*c = -3 - 5. Let i(v) = 4*v. Determine i(c).
-8
Let a(n) = -6*n**3 + n**2 + 5*n - 1. Let x(o) = -7*o**3 + 6*o. Let z(r) = 6*a(r) - 5*x(r). Let t be 1/(-3) - (-57)/9. Calculate z(t).
-6
Let p(x) = 6*x - 8 + 2 + 7. Let w be (-2 - -3) + 0 + 4. Let n be (-10)/w - 1*-1. What is p(n)?
-5
Let f(k) = k**2. Let w be (-1 - -9)*1/1. Let n = w + -7. What is f(n)?
1
Let o(h) = 6*h - 1. Let c(d) = -5*d + 1. Let g(l) = 3*c(l) + 4*o(l). Let a = 34 + -33. What is g(a)?
8
Let c(q) = -2*q**2 - 3*q - 13. Let j(d) = -d**2 - 2*d - 7. Let w(z) = -6*c(z) + 11*j(z). Suppose 4*b + 5*r = 16, r + r = 3*b - 12. Calculate w(b).
1
Suppose 0 = -2*t + 4*w + 26, -t + 3*t + 4*w = -6. Let u(y) = -y**3 + 6*y**2 - 3*y. What is u(t)?
10
Let t(d) = d**3 + 5*d**2 + d - 2. Suppose 3*v + 28 = c + 11, -3*v - 19 = -2*c. What is t(v)?
-7
Let x(g) = g**3 + 4*g**2 + 3*g + 2. Let l be (-4)/(-6) + 14/6. Suppose 3*a + 24 = l. Let j(n) = n + 4. Let p be j(a). What is x(p)?
2
Let n be (-2)/5*-5 - -3. Let d(m) = -2*m**2 - 5*m**2 - 6*m + n + 3*m**2 + 3*m**2. Determine d(-7).
-2
Let d(l) be the first derivative of l**7/840 + l**6/60 + l**5/120 - l**4/24 + l**3/3 + 3. Let g(v) be the third derivative of d(v). Determine g(-6).
-7
Let j(b) = -b + 4. Let p = 18 + -26. Let l = p + 13. Determine j(l).
-1
Let g(k) = 2*k**2 + 6*k + 7. Let j(h) = -h**2 - 1. Let p(v) = g(v) + 3*j(v). Calculate p(4).
12
Let w(n) = -n**2 - 2*n + 3. Suppose -15 = 5*m - 0*m, 0 = -5*v + 5*m. Calculate w(v).
0
Let f(j) = -4 - j**2 - j**3 - 4*j**3 - 2*j + 4*j**3 + 1. Give f(-3).
21
Let p(f) be the third derivative of f**6/120 + f**5/60 - 7*f**3/6 + 61*f**2. Determine p(0).
-7
Let m(w) be the second derivative of -w**3/6 + 2*w**2 - 4*w. What is m(7)?
-3
Let c(v) = -139*v - 140*v + 282*v. Determine c(3).
9
Let m = 11 + -28. Let s(i) = 9*i + 23. Let h(d) = 3*d + 8. Let u(y) = m*h(y) + 6*s(y). Give u(5).
17
Let p(h) = -h. Let t be p(-7). Let l be ((-8)/6 - -2)*3. Let j(v) = -v + 4 - l*v + t*v + v**2. Give j(-3).
1
Let l(f) = -14*f + 26. Let i(x) = 9*x - 17. Let c = -3 - -2. Let d be (15/12)/(c/(-4)). Let z(a) = d*l(a) + 8*i(a). Determine z(5).
4
Let d(k) be the third derivative of k**4/12 + 7*k**3/6 - 2*k**2 + 6*k. Give d(-11).
-15
Let w(c) be the third derivative of c**2 - 1/60*c**5 + 0*c - 1/8*c**4 + 1/6*c**3 + 1/120*c**6 + 0. Determine w(2).
-1
Suppose 4*x = -5*l + 15, -3*l - 2*x + 12 = 3. Let h(u) = 3*u - 2. Let m(b) = -7*b + 5. Let w(r) = -5*h(r) - 2*m(r). Give w(l).
-3
Let c be (168/(-40) - 1/(-5)) + 10. Let j(t) be the first derivative of -t**3/3 + 5*t**2/2 - 1. Determine j(c).
-6
Let j(y) be the second derivative of y**3/6 - 2*y. Let h(v) = 3*v - 3. Let n(o) = h(o) - 4*j(o). What is n(0)?
-3
Let h(x) = x - 3. Let d be h(4). Let v(f) = 3 - 3*f + d - 2*f + 2*f. What is v(4)?
-8
Suppose -9 = -3*w - 3*t + 15, -4*t + 4 = 0. Suppose -4*l + c - 7 = -w*l, -5 = -4*l + 3*c. Let u(x) = -2 - x**l + 3 + 5*x**3 + 0. Give u(1).
5
Let k(l) = l + 10 - 5*l - 2*l + 3*l**2 + l**3 - 15. Give k(-4).
3
Suppose 5*n = 2*i - 18, i = 5*n + 11 - 2. Let f(a) = -a**3 + 10*a**2 - 6*a - 9. Determine f(i).
18
Let c(p) = -p + 2. Let h(j) = 2*j**2 + j. Let k be h(-3). Suppose 2*d = 2*y - 24, 2*y - 5*d - 31 = 5. Suppose -3*u + k = -2*l - 4, 0 = l - u + y. What is c(l)?
7
Let f(d) = -d**3 + 7*d**2 - 7*d + 9. Let y be f(6). Suppose -4*t - 3 = -y*m, -4*t + 0*t - 24 = 4*m. Let z(a) = -a**2 - 2*a - 4. Give z(m).
-7
Let s(t) = 2*t**2 - 6*t + 4. Let k = 23 + -19. Give s(k).
12
Suppose -25 = -g - 4*g, -g = b + 4. Let o = 12 + b. Let i(l) = -2*l**2 + 2*l + 4. What is i(o)?
-8
Let m = 6 - 10. Let g(i) = -4 + i**2 + 3 + 0 - 2 + 3*i. Determine g(m).
1
Let l = -9 + 5. Let a(q) = -q**3 - 6*q**2 - 2*q - 9. Let k be a(-6). Let w(u) = k + 2*u - 3*u - 1. Give w(l).
6
Suppose 0 = 2*y + y. Suppose y = 4*u + h - 16, h - 12 = -5*u + 9. Let s(v) be the first derivative of -v**4/4 + 2*v**3 - 7*v**2/2 + 2*v - 14. Calculate s(u).
-8
Let r(s) be the second derivative of -3*s**5/5 - s**4/12 + 3*s. Give r(1).
-13
Suppose 2*n - 5*p + 3 = -18, 4*n = 3*p - 7. Let k(u) be the second derivative of -1/12*u**4 + 2*u - n*u**2 + u**3 + 0. Calculate k(5).
1
Let b be 8/1*(4 + 36/(-8)). Let d(x) = x**3 + 4*x**2 - 3*x - 2. Determine d(b).
10
Let q = -30 + 23. Let r(z) = z**3 + 8*z**2 + 7*z - 3. Calculate r(q).
-3
Let d = -11 + 18. Suppose 2*b + 2*v = d*b - 3, 4*b + 5*v = 9. Let g(r) = r**3 + 2*r**2 - 1. Determine g(b).
2
Let u(g) = -g - 8. Suppose 2*m - 30 = -m. Suppose -7*n = -m*n. Give u(n).
-8
Let b(n) = n + n - n - 2 + 5. Let c(o) = -o**2 + o + 2. Let t be c(-2). Determine b(t).
-1
Let a be (-8)/6*18/4. Let w(v) be the second derivative of v**5/20 + 5*v**4/12 - v**3 - v**2 + 42*v. What is w(a)?
-2
Let r(s) = -2*s**3 - 12*s**2 + 12*s - 9. Let d be r(-7). Let m(h) = -2*h + 2 + 0*h + 2 - 2. Give m(d).
-8
Let w(l) = -l + 4. Let f be (-4 + 6)/(2/7). Calculate w(f).
-3
Let g be ((-2)/3)/((-4)/6). Let i(f) = 3*f**2 - 5*f**2 + 0*f + g + 3*f. Give i(3).
-8
Let m(l) = -l**2 - 7*l - 5. Let b be m(-5). Let i(k) = k - 15. Let j(w) be the first derivative of -w - 5. Let d(p) = -i(p) + 3*j(p). Determine d(b).
7
Let n(z) be the first derivative of -z**4/12 - z**3/3 + 5*z**2/2 + 5*z - 7. Let v(f) be the first derivative of n(f). Determine v(-4).
-3
Let m(t) be the second derivative of -t**5/20 - t**4/4 - t**3/6 - 2*t**2 + 95*t + 1. Suppose 7 + 8 = -5*b. Give m(b).
-1
Suppose 45 = 5*u + 15. Let r(h) = h - 5. Give r(u).
1
Let a(q) = q - 3. Let f(x) = x - 1. Let c(o) = a(o) - 2*f(o). Give c(8).
-9
Let z(g) = -g**2 + g + 5. Suppose -4*b + 3 = t, 15 = 3*t + 2*t + b. Suppose -2*a + 7*a - 3*x - t = 0, 3*a - 5 = 5*x. Let s = a + 0. What is z(s)?
5
Let o(l) = l**3 - 10*l**2 + 9*l - 6. Suppose 3 = -2*c + c, -a = -3*c - 18. Determine o(a).
-6
Let l be (3*-1)/3 + 2. Suppose 0 = -d + 3 + l. Suppose w - d = 0, -5*y = -w - 0*w - 6. Let s(b) = -2*b**2 + 2*b. Give s(y).
-4
Let c = -12 - -12. Let i(y) = -y - 19. Determine i(c).
-19
Let l be (2 - -6)*3/6. Let p(s) = -3*s - 2. Calculate p(l).
-14
Suppose 5*v - 6*v + 1 = 0. Let o(j) be the third derivative of 0 - 1/60*j**6 + j**2 + 1/60*j**5 - 1/6*j**3 + 1/24*j**4 + 0*j. Determine o(v).
-1
Let q(x) = -x**3 + x + 1. Let v be -3 + (7 - -3 - -3). Let i = 8 - v. Calculate q(i).
7
Let k(f) = 5*f**2 - 3*f**2 + 6 - f**2 + 5*f. Suppose -2*u = -6*u + 44. Let i = 6 - u. Calculate k(i).
6
Let p(z) = 7*z + 1. Let m(i) = -i + 12. Let q be m(14). Calculate p(q).
-13
Let j(h) be the third derivative of h**6/120 - 11*h**5/60 + 5*h**4/12 + h**3/3 + 2*h**2 + 8*h. Calculate j(10).
2
Let m(d) = d**3 + 3*d**2 - 2*d + 4. Let u = 18 - 22. Calculate m(u).
-4
Let v(f) = -f + 15. Let t be v(9). Let n(d) = d**3 + d**2 + 1. Let o(y) = -5*y**3 - 9*y**2 - y - 8. Let s(m) = t*n(m) + o(m). Determine s(2).
-8
Let z be 2 - (-3 + 4 + -1). Let j be 5/(-3) - z/(-3). Let b(u) = u**2 + u. What is b(j)?
0
Let l(c) be the second derivative of -1/6*c**3 - 1/6*c**4 + 1/2*c**2 - 3*c + 0. What is l(2)?
-9
Let u(s) be the second derivative of 0 + s - s**2 - 1/3*s**3. Let c be (-198)/55 + 2/(-5). What is u(c)?
6
Let k(m) be the third derivative of m**5/20 - m**4/6 + m**3/3 - 5*m**2. What is k(2)?
6
Let n(o